e remainder when m is divided by 7?
5
Suppose 63*i = 39947 + 32296 - 17685. Calculate the remainder when i is divided by 207.
38
Suppose -22*t - 14 = -21*t. Let q = 16 - t. What is the remainder when q is divided by 8?
6
Let m = -7368 - -7636. What is the remainder when m is divided by 82?
22
Let q(j) be the first derivative of -7*j**2/2 - 17*j + 46. What is the remainder when 170 is divided by q(-9)?
32
Suppose -2*k = -2*s - 30, 3*k = 5*k + 5*s - 30. Let m = -27 + 50. What is the remainder when m is divided by k?
8
Suppose 395 + 8 = 31*g. Suppose 5*r + 37 = 4*l, 0 = 4*l + 4*r - 15 - g. Calculate the remainder when 45 is divided by l.
5
What is the remainder when 79 is divided by (159 + 5)*-1*4/(-16)?
38
Suppose s - 17 = 46. Suppose 0 = -5*c - 4*m + s, 43 = -0*c + 3*c + 5*m. What is the remainder when (81 + -41 + 270)/10 is divided by c?
9
Calculate the remainder when 243 is divided by 105/3 + -3 - (163 + -169).
15
Let k(a) = -a**3 - 12*a**2 - 22*a - 5. Suppose 14*r + 25560 = 4*r. Calculate the remainder when 4/10 + r/(-60) is divided by k(-10).
13
Suppose 0 + 45 = 9*h. Suppose -4*l - k + 50 = 13, -h*k = -5. Calculate the remainder when 41 is divided by l.
5
Let a(u) = -9 - 4 + 12*u + u**2 - 11. Let l be a(-13). Let i(c) = -c**3 - 12*c**2 - 14*c - 22. What is the remainder when 21 is divided by i(l)?
10
Let r = -6468 + 10829. Suppose -r = -41*f - 384. Calculate the remainder when 384 is divided by f.
93
Let g(j) = 1 + 6*j**2 - 8*j + 418*j**3 - 360*j**3 + 0. Calculate the remainder when g(2) is divided by 28.
25
Let m = 171 - 107. Let b(h) = -h**2 + 1. Let i(u) = 4*u**2 - 10*u - 7. Let n(o) = 5*b(o) + i(o). What is the remainder when m is divided by n(-4)?
20
What is the remainder when 201 - ((-12)/(-27))/(10/180) is divided by 25?
18
Let c be 0/(-3*8/12). Suppose 4*i - 7 - 89 = c. Calculate the remainder when 251 is divided by -1*(-270)/36*i/10.
17
Suppose 5*o + 145*m - 143*m = 850, -3*o + 511 = m. Calculate the remainder when o is divided by 170.
2
Suppose -5*a - g + 94 = -286, 3*g - 240 = -3*a. What is the remainder when 515 is divided by a?
65
What is the remainder when 1528/(4 + -2)*25/((-450)/(-18)) is divided by 25?
14
Suppose 0*x + 10362 = 22*x. Let c = 501 - x. Calculate the remainder when 100 is divided by c.
10
Let z = 153 - 93. Suppose 0 = -9*t + 12 + z. Calculate the remainder when 109 is divided by t.
5
Let p(l) = 4*l - 15. Let j = -177 - -213. Calculate the remainder when (-3)/81*-3 - (-860)/j is divided by p(7).
11
Let v = 3547 - 2940. Calculate the remainder when v is divided by 12.
7
Let p(s) = s**2 - 7*s + 9. Let w be p(7). Let z(b) = -b**2 - 10*b + 22. Let a be z(w). Let v = 261 + a. What is the remainder when v is divided by 29?
25
Let g = 2860 - 2846. What is the remainder when 157 is divided by g?
3
Let m be (1/3)/((-1)/(-18)). Suppose 0*z = -m*z. Suppose 4*v - 1 = t, z*t - 91 = -4*t - 3*v. What is the remainder when t is divided by 11?
8
Let k = 6426 + -5558. What is the remainder when k is divided by 91?
49
Suppose 0 = 4*z - 4*h - 200, -15*z - 7*h + 768 = -4*h. What is the remainder when 354 is divided by z?
48
Let o be 2530/(-33)*(-39)/2. Let z = o - 1063. What is the remainder when z is divided by 15?
12
Let l = -488 + 1042. Suppose -2*j + 16 = -2*b + 90, 4*j - 111 = -3*b. What is the remainder when l is divided by b?
36
Suppose 7419 = 17*a - 1846. What is the remainder when a is divided by 132?
17
Let x = 34 - 30. Suppose 11*f = -11 - 0. What is the remainder when 37 is divided by 17 - f/((-1)/x)?
11
Let s = -761 - -457. Let g = s + 377. Calculate the remainder when g is divided by 4.
1
Let j = 451022 + -451013. Let d(l) = l**2 - 3*l. Let r be d(4). Suppose 164 = -r*b + 408. Calculate the remainder when b is divided by j.
7
Calculate the remainder when 541 is divided by ((-5)/(-2))/((23940/(-7344))/(-133)).
31
Let s(j) = 104*j - 2380. What is the remainder when s(27) is divided by 140?
8
Suppose -3*p + 14 = -b + 11, -12 = 2*p + 4*b. Suppose p = -33*k + 30*k + 9, -4*k = -2*n + 10. Calculate the remainder when 306 is divided by n.
9
Suppose 192 = -5*c - 2*l, -3*l = c - 6*l + 52. Let m = c + 228. What is the remainder when m is divided by 19?
17
Suppose 0 = -7*s + 178 + 536. Calculate the remainder when 400 is divided by s.
94
Suppose -58*f = -85*f + 49*f - 24354. What is the remainder when f is divided by 156?
15
Let k(c) = -22*c - 439. Suppose -3*s = 3*i - 168, 2*i - 3*s = -i + 156. What is the remainder when k(-25) is divided by i?
3
Let u = 564 + -398. Let w = u - 114. Let j = 570 + -559. What is the remainder when w is divided by j?
8
Suppose 4*z - m - 3*m = -824, 0 = -5*z + 2*m - 1030. Let g = z - -255. Calculate the remainder when 141 is divided by g.
43
Let u(s) = -8 + 9 + 9 - 9*s + 2*s. Suppose -9 = 5*t + 11. What is the remainder when u(t) is divided by 21?
17
Suppose 22 = 17*l - 63. Suppose -u + 83 = b, 0 = l*u - 6*u + 4. What is the remainder when 629 is divided by b?
76
Suppose 5*l = -10 + 125. Suppose 0 = -k - 4*k + 4550. Suppose -5*i - 5*i = -k. What is the remainder when i is divided by l?
22
Suppose 109 = 630*p - 621*p - 314. Calculate the remainder when 272 is divided by p.
37
Suppose -4*p = -6*p - 5*t + 275, -p = t - 136. Suppose -4*k - 4*g + p - 3 = 0, g + 23 = k. What is the remainder when 90 is divided by k?
6
Suppose -159*u = -338*u + 112*u + 3685. Calculate the remainder when 1819 is divided by u.
4
Let n be 3/(-12) - 2/(-8). Suppose 3*h - 151 = 5*x, -56 = -h - n*h - 4*x. What is the remainder when h is divided by -1 + 27 - (-492)/(-41)?
10
Let o = -51 + 11. Let k = 61 + -117. Let f = o - k. What is the remainder when 46 is divided by f?
14
Suppose 3*t = -9, 2*m + 35 = 3*t + 128. Suppose 6*w = -6*w - 240. Let j = w + m. What is the remainder when 41 is divided by j?
19
Let z(g) = -16*g - 42. Let m be (-248)/12*-3 + -2. Suppose b + 2*w = -2*b + 47, 0 = 4*b + 4*w - m. Calculate the remainder when z(-11) is divided by b.
15
Let q = -301 + 280. What is the remainder when (0/(-2) - (-8)/(-8))*q is divided by 12?
9
Let l(d) = -13*d**2 - 2*d + 2. Let j be l(-2). Let q(t) = 4*t**2 + 31*t - 23. Let h be q(-10). Let g = h + j. Calculate the remainder when 82 is divided by g.
19
Let n(q) = -2*q**2 - 31*q + 44. What is the remainder when 1933 is divided by n(0)?
41
Suppose 58 = 5*h - 3*o, 207 - 151 = 5*h - o. What is the remainder when 54 is divided by h?
10
Let l be 4724/(-20) - (-28)/(-35). Let p = -221 - l. Let i(r) = 5*r**3 + 3*r**2 - 3*r. What is the remainder when i(2) is divided by p?
14
Let v(l) = -2*l**2 + 4*l + 43. Let i be v(0). Suppose i = 7*p - 6*p. Calculate the remainder when p is divided by 11.
10
Suppose 26*h - 69 = 9. Suppose -h*s = 5*g - 292, -92 = -s + 19*g - 22*g. What is the remainder when s is divided by 1 - (0 + -25 + -1)?
23
Suppose 3*x - 21 = 0, -5*s + 0*s + 550 = 5*x. What is the remainder when 1947 is divided by s?
93
Let s be (20/(-12)*-9)/(-1 - -2). Let v(w) = -5*w + 93. What is the remainder when 826 is divided by v(s)?
16
Let q be (-80)/(-30) - 0 - (-4)/(-6). Suppose 939 = 5*g + q*v, 5*g - v = 3*v + 927. What is the remainder when g is divided by 38?
35
Let w(h) = -20*h + 683. What is the remainder when 441 is divided by w(32)?
11
Let o(r) = r + 4. Let t be o(0). Suppose t*q + 35 = 51. Suppose -v - q*i = -28, 2*v - 5*i = 6*v - 112. What is the remainder when 82 is divided by v?
26
Let k(u) be the first derivative of -39*u**2/2 - 26*u + 541. Calculate the remainder when (113/2)/((-1)/(-2)) is divided by k(-1).
9
Suppose -2*i - 2 = -3*b - 8, -5*b = 2*i + 10. Calculate the remainder when 18 is divided by b - (4 + 2 - 10).
0
Suppose -2*f + 4*f - 4*z = 488, 2*f + 3*z - 446 = 0. Calculate the remainder when 872 is divided by f.
176
Suppose 10*u + 6 = 13*u. Suppose -3*x - 4*l + 4 = 0, -5*x - 2*l - u*l = -12. Let j = 12 + x. Calculate the remainder when 46 is divided by j.
14
Suppose 18 = -m - 4*s, 3*m + m + s + 12 = 0. Let z = 35 + -25. What is the remainder when (-1001)/(-26) - m/(-4) is divided by z?
8
Suppose 978 = -3*f + 1140. Calculate the remainder when 263 is divided by f.
47
Let m be (-411 - 1)/(2/6*-2). Let b = -447 + m. Calculate the remainder when b is divided by 11.
6
Let k be (-210)/(-45) + (-2)/3. Suppose -3*v - k*t + 438 = 0, 7 = -v + t + 146. What is the remainde